*b - 1 = 3*h. Let j(l) = 7*l**2 + 10*l + 6. Let w be j(h). Suppose -q + 277 = -4*s, 3*q = 4*s + w + 273. Is q a composite number?
True
Let y(r) = -r**3 + 24*r**2 + 31. Let n be y(24). Suppose -5*b = -34 - n. Suppose -b*p + 9439 = 2796. Is p composite?
True
Let j(c) = 3*c**3 - 70*c**2 + 553*c + 131. Is j(46) a composite number?
False
Suppose -15301 = -5*n - 5496. Is n a composite number?
True
Let j(p) = -539*p + 2. Let d(v) = 3*v**2 - 4*v + 1. Let i be d(1). Suppose i = 13*w - 2*w + 11. Is j(w) composite?
False
Suppose -5*j = -8*j - u + 682249, 5*j + 3*u - 1137079 = 0. Is j a composite number?
True
Suppose 45 = 6*a - 15. Let d(w) = -w**3 + 11*w**2 - 9*w - 1. Let l be d(a). Is 36/(-162) - (-1 - 20990/l) composite?
False
Let n(p) = -p**3 - 7*p**2 - p - 9. Let h be n(-7). Is ((-69111)/14 + 1)*h a prime number?
True
Suppose -34*n + 26*n + 12552 = 0. Let o = n - 424. Is o composite?
True
Is (-2512980 + 3)*(-4 - (156/(-18) - -5)) a prime number?
True
Suppose 3*p + 124 = 6*p + 5*y, 5*y = p - 8. Let x = -25 + p. Is (-500)/(-16) + (-2)/x composite?
False
Suppose 223*q - 7477630 = 213*q. Is q a composite number?
False
Let r(k) = -19079*k + 2385. Is r(-6) prime?
False
Suppose -3*z + 177403 = 14*s - 13*s, -2*s - 3*z = -354812. Is s a prime number?
True
Let l(f) = -8536*f + 1973. Is l(-11) composite?
False
Let n = 153115 + -40344. Is n prime?
True
Suppose 2*y + 5 + 3 = 0. Let j(s) = -1001*s + 352. Let c(v) = 37*v - 13. Let i(x) = -55*c(x) - 2*j(x). Is i(y) prime?
False
Let l be (-43)/((-2)/(-8)*(7 - 6)). Let r = 92 - 58. Is (-6 + r/4)/((-2)/l) composite?
True
Is (-9)/(-18)*-14 - (-2 - (10458 - 0)) a prime number?
True
Let r(w) = 239*w - 115. Let m(c) = -2*c - 38. Let k be m(-23). Is r(k) a composite number?
True
Let g(f) = -f**3 + 11*f**2 + f - 11. Let t be g(11). Let w(j) = -j**2 - 10*j + 1691. Is w(t) composite?
True
Let o = -1052223 + 1834717. Is o composite?
True
Suppose 2*l - 7 + 5 = 0. Is (l + 34413/9)/(10/15) prime?
True
Let w = -46 - -90. Let b = w + -78. Let z = -13 - b. Is z a prime number?
False
Let q = 9 + -15. Let u(x) be the second derivative of -x**5/10 + x**4/3 + x**3 + 5*x**2/2 + 7*x. Is u(q) prime?
False
Let i(q) = -q**3 - q**2 - q - 1. Let k(w) = 7*w**3 - 3*w**2 + 6*w + 2. Let c(r) = -6*i(r) - k(r). Let y be c(9). Suppose -127 = y*d - 5*d. Is d prime?
True
Suppose -l = 2*r - 220035, -3 = 11*l - 14*l. Is r a composite number?
False
Suppose 4*u - 4*j = 93 + 47, 4*j - 88 = -2*u. Suppose 0 = -37*h + u*h - 7891. Is h composite?
True
Is 8/(-3) + 167841030/1206 a composite number?
False
Let x(l) = -27*l + 53*l - 25*l - 6 - l**3 - l**3 + 16. Is x(-9) composite?
False
Suppose -a + d + 20 = 4*a, 4*d = 4*a - 32. Suppose 20 = a*m + 8, c + 4*m = 441. Suppose -w - i + 250 + 155 = 0, w - 4*i = c. Is w prime?
True
Let j(q) = 10*q**3 - 8*q**2 + 67*q + 5. Is j(6) prime?
False
Let w(n) = 57*n + 4. Let f be 360/84 + (-2)/7. Suppose s = -4*q + 89, -2*q = -s - f*s - 17. Is w(q) a prime number?
True
Let t = 7476 - 3791. Let i = t - -492. Is i a prime number?
True
Let t be (66/4)/(26/52). Suppose 38*k = t*k + 2*d + 7287, -4*d = 5*k - 7311. Is k a prime number?
True
Is (1/(-7))/((-99)/65424051) prime?
False
Suppose -11*b + 398172 + 626621 = 0. Is b a composite number?
True
Is (2/(-6))/((-257)/557911791) composite?
True
Let k(w) = 637*w**2 + w - 2. Let c be k(-2). Suppose 38*a - c = 35*a. Suppose 4*i - a = -4*i. Is i prime?
False
Let w = 324 + 638. Let k be 15/5 + w - -1. Suppose 2*n = -176 + k. Is n composite?
True
Let n be ((-40)/80)/(1/20). Is (4/n - 0)*(-339755)/26 prime?
True
Let d be (109272/(-20))/(6/(-20)). Let g = d + -11451. Is g composite?
False
Let l(s) = -342*s - 31. Let k(p) = -339*p - 28. Let c(h) = h + 1. Let x(m) = 3*c(m) - k(m). Let j(t) = 3*l(t) + 4*x(t). Is j(8) composite?
False
Suppose -71*b - 33*b + 83380232 = -0*b. Is b prime?
True
Let m = 40744 - -17283. Is m prime?
True
Suppose 8*c = 2*c. Suppose -a + 5*l + 22 = c, 2*a = l - 5 + 4. Is 1*(-4 - a) - -894 a prime number?
False
Let r be (-2 - 1500/(-5)) + (1 - 2). Let k = 4 + r. Suppose 11*u - 3128 = -k. Is u composite?
False
Let q be (2/(-4))/(3/(-36))*1. Let u = -33 - q. Is -82*6/9*u/4 composite?
True
Suppose -3*q + 4*v - 27 = 0, -3*q + 5*v = 2*v + 24. Let x be (-6 + 1)*(-3)/q. Is (-12 + 15)/(x/(-149)) a prime number?
True
Suppose -3*j + 3264 = -0*j. Let x be -2 - (2/7 - (-10188)/14). Let l = x + j. Is l composite?
True
Suppose -3*r + 2*x = -869741, -4*r - 19*x + 1159643 = -20*x. Is r a prime number?
False
Let f = 238 - 238. Suppose -a = -3*n - 8631 - 2384, -4*a - n + 44112 = f. Is a composite?
False
Suppose 13180 = -11*y + 13*y. Let l = y + -381. Is l a composite number?
True
Suppose 30*a - 330457 - 301403 = 0. Let n = a - 14571. Is n a prime number?
True
Let o = 9400 - 1836. Let f = -5361 + o. Is f composite?
False
Suppose h + 12951 = r, 10*h - 5*h = -3*r + 38893. Suppose 19*k = -r + 78183. Is k a prime number?
True
Let l = -152 + 154. Suppose -l*b = -4*q - 1738, -1714 = -b - b - 4*q. Is b prime?
True
Let i(f) = -18*f**2 - 28*f + 29. Let w(d) = -10*d**2 - 12*d + 15. Let x(a) = 6*i(a) - 11*w(a). Suppose 4*z - 16 = 0, v + 3*v - z - 76 = 0. Is x(v) prime?
True
Suppose -13162 = -15*l - 358192. Let n = l - -33561. Is n composite?
False
Let j(h) = h**3 - 13*h**2 + h - 9. Let n be j(13). Suppose -5*k + 28 = n*q, -2*k - 5*q + 22 = k. Suppose -3*a - 5*b = -2*b - 84, -46 = -2*a - k*b. Is a prime?
False
Suppose 42*j - 29900879 = 19912003. Is j a prime number?
False
Let a = -1200585 - -1930970. Is a composite?
True
Is 3396296*(-8 + ((-6825)/40)/(-21)) a composite number?
False
Suppose -2*w - 2*t + 21 = w, 0 = 4*w - 4*t - 8. Suppose -w*z - 3 = 17. Is ((-5)/((-50)/z))/((-4)/60) a composite number?
True
Suppose -5*r - 7 = -322. Let s = -63 + r. Let x = 58 - s. Is x composite?
True
Let x(p) = p**3 - 3*p**2 - 12*p + 38. Let a be x(3). Is ((-2923)/1)/((-2)/a) composite?
True
Suppose 3*m - 4*s - 27 = -5*s, 2*m + s - 17 = 0. Let g be 2/(-44)*-4 - m/55. Suppose 61*c - 63*c + 238 = g. Is c a prime number?
False
Suppose -6*n - 36 + 594 = 0. Let v = n - -350. Is v a prime number?
True
Let h = -19558 - -124698. Suppose -13*k = 7*k - h. Is k a prime number?
False
Let g = 124470 - 64933. Is g prime?
False
Let i = 61937 + -32643. Let k = i - 20892. Is k composite?
True
Let y(l) = 157*l**2 + 6*l - 3. Let m be y(3). Suppose 11*q = 12 + 10. Suppose 14*t - m = q*t. Is t a prime number?
False
Let q(j) = -j**2 - 1322*j + 341137. Is q(0) composite?
True
Let m(g) = 31*g**2 - 39*g - 155. Is m(-24) a prime number?
True
Let c(y) = 357*y**2 + 47*y + 255. Is c(-23) composite?
True
Suppose -3*r = -g + 5, g + g + 5*r - 10 = 0. Suppose -g*y - c - 28 = 2*c, -2*y = -c + 20. Let m(x) = -53*x - 33. Is m(y) prime?
False
Is (939/1878)/((2/4)/(47707 + 0)) prime?
False
Suppose -3219 = -2*g + 222915. Suppose 3*u - g = -6*u. Is u prime?
False
Let i be (-32)/(-14) + 32/(-112). Let y = 388 + -376. Suppose -i*u = 3*u + 5*l - 10515, 0 = -3*l + y. Is u a prime number?
True
Suppose 7*h - 3*h = -2*h. Suppose h = 14*i - 7*i - 9779. Is i a prime number?
False
Let z(j) be the third derivative of j**6/40 + 5*j**4/24 - j**3/6 + j**2. Suppose 14*n - 1 = 83. Is z(n) composite?
False
Let w be 4/(-20) - ((-32)/10)/1. Suppose -l = 2*l + f + 1784, -l + w*f - 598 = 0. Let q = l + 849. Is q composite?
True
Let u(s) = 2*s**3 - 11*s**2 - 57*s + 57. Is u(14) prime?
True
Let b = 87886 + -47225. Is b composite?
True
Is ((-12)/(-78) - (-27)/78)*3466 a composite number?
False
Suppose -n - 2*k + 5*k + 24443 = 0, 0 = n - k - 24439. Suppose -13*s = -6*s - n. Is s a composite number?
False
Suppose 0 = 5*b - 3*q + 331, 0 = 4*b - 3*q + 180 + 83. Let h = b - -78. Suppose -h*y + 485 = 25. Is y a composite number?
True
Let i(h) = 17*h**3 - 3*h**2 + 7*h - 7. Let s be i(-4). Suppose -9211 = -5*q - 4*o + 1585, 0 = -3*q + 2*o + 6460. Let d = q + s. Is d a prime number?
False
Suppose b + 21 = 5*l + 9, -3*l = 5*b + 4. Let z be 1/(l/1134*3). Suppose z = 6*r - 933. Is r prime?
False
Suppose 5*p - 2*c - 6 + 11 = 0, -4*p - 11 = -3*c. Let m = -3 - -5. Is p/m + 1183/14 composite?
True
Let z = 553 + 42308. Suppose 32*j - 121331 = z. Is j a prime number?
False
Let o(v) = 3*v - 9. Let l be o(4). Suppose 15630 = 2*r + l*r. Is (r/9)/((-12)/(-18)) prime?
True
Suppose y + 293*n - 295*n = 168